5661414 - 1?
5605661413
In base 8, what is 52105526 + -4?
52105522
In base 15, what is -b6a79 + 2?
-b6a77
In base 5, what is -21000022342 - -1?
-21000022341
In base 11, what is -359 + 6401a?
63771
In base 7, what is 2125 - 614556?
-612431
In base 2, what is 100011111111110111001000 + 1000110?
100011111111111000001110
In base 14, what is 70999 + -523?
70476
In base 3, what is 0 + 22021111102210?
22021111102210
In base 5, what is 2 + 142240203424?
142240203431
In base 3, what is 2110200120002202 - -12?
2110200120002221
In base 2, what is -101011011010010000101101 - 101?
-101011011010010000110010
In base 5, what is 1432204 - -222?
1432431
In base 4, what is 23 + -2230321133?
-2230321110
In base 15, what is 1 - -452b7?
452b8
In base 4, what is 10031223 - 1123230?
2301333
In base 2, what is 100101010101110011100011 + 1?
100101010101110011100100
In base 10, what is 224557 - -1418?
225975
In base 14, what is -300a - 1014?
-4020
In base 13, what is -84212 + -25?
-84237
In base 11, what is -10432a - 53a?
-104869
In base 3, what is 2 + -10210002120222?
-10210002120220
In base 14, what is -2b + 43127?
430da
In base 5, what is 4 + 300031312?
300031321
In base 6, what is -110245 + -441405?
-552054
In base 3, what is 1112 - 12222021120202?
-12222021112020
In base 5, what is 2044 + 331332?
333431
In base 2, what is -10110001110100111110110011 + -11?
-10110001110100111110110110
In base 10, what is -1981 + 25424?
23443
In base 16, what is -3 - 18e58ae1?
-18e58ae4
In base 16, what is -2 + ce539?
ce537
In base 9, what is 3 + -342786413?
-342786410
In base 3, what is -2121 + 21221122?
21212001
In base 16, what is 2 + 5f9d95?
5f9d97
In base 15, what is -31c7d55e - -4?
-31c7d55a
In base 7, what is -503 + 63132?
62326
In base 12, what is -666716 + -5?
-66671b
In base 5, what is 10121 - -342012024?
342022200
In base 7, what is 23002 + 200?
23202
In base 3, what is 12 + -102211022212011?
-102211022211222
In base 15, what is 69b0 - -88?
6a48
In base 12, what is -9305a + -42?
-930a0
In base 4, what is -13300101002 - 2021?
-13300103023
In base 7, what is -1 - -230053164?
230053163
In base 8, what is 22133423 - 11?
22133412
In base 9, what is 8 + 622736?
622745
In base 16, what is -11250 - -9?
-11247
In base 3, what is 101001120210 + 2020?
101001200000
In base 15, what is c0 + -24170?
-240a0
In base 3, what is 12022102 + 22120021211?
22202121020
In base 5, what is 21204 + 2131231?
2202440
In base 5, what is -32214131 - -133?
-32213443
In base 11, what is -3a1079 - 48?
-3a1116
In base 7, what is 10223406 - -1516?
10225225
In base 2, what is -11000110111101001111110101 - 100?
-11000110111101001111111001
In base 13, what is 42a49 - -2cc?
43048
In base 10, what is -4 + -4196758?
-4196762
In base 13, what is 98269 - 4c1?
97a78
In base 8, what is -200565 - -37657?
-140706
In base 2, what is -100100000010111100110 - 1100?
-100100000010111110010
In base 10, what is 237658446 - -5?
237658451
In base 2, what is 111000100100110110001111 - 101?
111000100100110110001010
In base 11, what is 30134 - 768?
2a477
In base 14, what is -39d5c6 - -2?
-39d5c4
In base 5, what is 243231 - -1423142?
2221423
In base 13, what is -15376a - -7?
-153763
In base 13, what is -61 + -2a091?
-2a122
In base 14, what is 467 - -c1d4?
c65b
In base 7, what is 1 + 11641560?
11641561
In base 3, what is -2010212 - -102112212?
100102000
In base 7, what is -2 - -26102040?
26102035
In base 16, what is 4 + 1f36ea4?
1f36ea8
In base 6, what is 22212032 - -3404?
22215440
In base 5, what is -2 - 332234332442?
-332234332444
In base 8, what is 1 + -255165510?
-255165507
In base 8, what is 444741 - 104?
444635
In base 16, what is 8 + d61f2?
d61fa
In base 14, what is 4 + 1262160?
1262164
In base 11, what is 1970 + 6481?
8341
In base 11, what is 1 - 40352529?
-40352528
In base 10, what is -2010 + -2222?
-4232
In base 8, what is -6606 + -461?
-7267
In base 16, what is -1aaa45e - 5?
-1aaa463
In base 10, what is -3984614 - 4?
-3984618
In base 6, what is 152143 - 33302?
114441
In base 14, what is 1 + -8b86c2?
-8b86c1
In base 14, what is -7 + 66aad6?
66aacd
In base 15, what is 5e + -1b870d?
-1b869e
In base 12, what is 4 + -2027956?
-2027952
In base 9, what is 14230210 + 103?
14230313
In base 2, what is 1011000000101110101010 + 110?
1011000000101110110000
In base 9, what is -32380 + -15628?
-48118
In base 16, what is c + 59ce5c?
59ce68
In base 10, what is -29313241 + 16?
-29313225
In base 14, what is 4b46594 + 3?
4b46597
In base 9, what is -110308442 + -11?
-110308453
In base 8, what is 5000720 - 0?
5000720
In base 15, what is -1a + -5013c?
-50157
In base 5, what is 23041 - 2301?
20240
In base 5, what is -1444032 - -122?
-1443410
In base 3, what is -22120211022 - -1122?
-22120202200
In base 6, what is 20545151 - -30?
20545221
In base 7, what is -34 + -3506111?
-3506145
In base 9, what is -1540 + 163718?
162168
In base 10, what is 43 + 1983322?
1983365
In base 12, what is -2 + -5064656?
-5064658
In base 12, what is -1798 + 1952?
176
In base 12, what is 13a742b4 - 2?
13a742b2
In base 12, what is 75 + -2a63?
-29aa
In base 7, what is -1661 + -2614133?
-2616124
In base 3, what is -121211012020 + 1?
-121211012012
In base 6, what is -14114 - 44140?
-102254
In base 11, what is -7a8 + -73?
-870
In base 10, what is -344886505 - 5?
-344886510
In base 11, what is 2 + -a457873?
-a457871
In base 6, what is 2021105 - -1500?
2023005
In base 11, what is 151a + -25709?
-2419a
In base 15, what is 5 + -98a8b?
-98a86
In base 8, what is 3024675 + 125?
3025022
In base 14, what is -8dc - -b35b2?
b2ab4
In base 15, what is -944cc + -1e?
-944eb
In base 2, what is -10110000110 + -101000111011?
-111111000001
In base 2, what is -1110 - 10001101010011110100000?
-10001101010011110101110
In base 12, what is 13572 + -616?
12b58
In base 3, what is 2 - 1110001122212111?
-1110001122212102
In base 8, what is 2 - -14353507?
14353511
In base 2, what is -1000110111 - 100010101101100110?
-100010110110011101
In base 9, what is 101 - -4134610?
4134711
In base 7, what is 511 - -1530554?
1531365
In base 2, what is 101000010111 + -10110111111?
10001011000
In base 16, what is -171e + 13564?
11e46
In base 8, what is -127 - -4407244?
4407115
In base 6, what is -1155 - -3331142?
3325543
In base 7, what is -135410561 - 33?
-135410624
In base 11, what is -a37a8 + 169?
-a363a
In base 13, what is -2 + 10a9815?
10a9813
In base 12, what is 2880 + -25759?
-22a99
In base 15, what is 4 + -1e7a5b?
-1e7a57
In base 3, what is 2020010100 - 220?
2020002110
In base 16, what is -1a6 - -53d01?
53b5b
In base 14, what is -9db5 + 2a9d?
-7316
In base 5, what is 10 + 213004004031?
213004004041
In base 15, what is 2580da + 5?
2580e0
In base 12, what is 28aa6 + b6?
28ba0
In base 2, what is 100 + 10000000110111110100010101?
10000000110111110100011001
In base 16, what is 5 - -55fd57?
55fd5c
In base 13, what is 23b + 332b?
3569
In base 10, what is -62255 - 1028?
-63283
In base 3, what is 112110 + 1010222020?
1011111200
In base 14, what is -1626530 + -13?
-1626543
In base 4, what is 1 + 21111200021020?
21111200021021
In base 11, what is -5 - -7265726?
7265721
In base 12, what is 21 + 2a09334?
2a09355
In base 3, what is -12110121011 - 112212?
-12111011000
In base 4, what is -10 + -1120303123203?
-1120303123213
In base 14, what is -9044 - -1559?
-78c9
In base 11, what is 800 + 68955?
69655
In base 16, what is -12f4 - 17f6?
-2aea
In base 7, what is 2405 - -245322?
251030
In base 12, what is 6935a6 - a?
693598
In base 9, what is 6586 + 577?
7274
In base 7, what is -343562520 - 5?
-343562525
In base 13, what is -94 + 28183a?
281776
In base 10, what is -99333 - 1110?
-100443
In base 16, what is -643a5 + 22?
-64383
In base 14, what is 4 + -1489ba4?
-1489ba0
In base 5, what is -10331030110 + -1?
-10331030111
In base 16, what is cc435b + 0?
cc435b
In base 10, what is -21739908 - -3?
-21739905
In base 16, what is 156be6b - 1?
156be6a
In base 16, what is 208672 - -48?
2086ba
In base 13, what is 360c9 + 2838?
38934
In base 8, what is 5 + -50412202?
-50412175
In base 10, what is 2147247 + -3?
2147244
In base 13, what is -cc9aa8 - -5?
-cc9aa3
In base 14, what is 1672b + 129?
16856
In base 9, what is -3 + -1660540?
-1660543
In base 2, what is -110 + -11001000111111010010000?
-11001000111111010010110
In base 2, what is 11